he hundreds digit of 215136?
1
What is the units digit of 1585869?
9
What is the tens digit of 77901?
0
What is the hundreds digit of 6814845?
8
What is the ten thousands digit of 3007734?
0
What is the hundreds digit of 48250?
2
What is the tens digit of 119194?
9
What is the hundred thousands digit of 3866433?
8
What is the ten thousands digit of 1976296?
7
What is the hundred thousands digit of 7473241?
4
What is the thousands digit of 358684?
8
What is the tens digit of 148977?
7
What is the hundreds digit of 1894545?
5
What is the units digit of 260627?
7
What is the thousands digit of 6270808?
0
What is the tens digit of 4303009?
0
What is the units digit of 439103?
3
What is the hundreds digit of 499059?
0
What is the millions digit of 1294557?
1
What is the hundreds digit of 4794638?
6
What is the ten thousands digit of 232494?
3
What is the hundreds digit of 276921?
9
What is the thousands digit of 169249?
9
What is the ten thousands digit of 10425224?
2
What is the millions digit of 1075234?
1
What is the units digit of 16247528?
8
What is the tens digit of 2334764?
6
What is the ten thousands digit of 436116?
3
What is the thousands digit of 2231691?
1
What is the tens digit of 167697?
9
What is the ten thousands digit of 241702?
4
What is the hundreds digit of 9937929?
9
What is the hundreds digit of 494551?
5
What is the tens digit of 272860?
6
What is the units digit of 49542?
2
What is the millions digit of 16760721?
6
What is the hundreds digit of 471178?
1
What is the tens digit of 35348?
4
What is the hundreds digit of 318425?
4
What is the units digit of 6756138?
8
What is the thousands digit of 2583711?
3
What is the units digit of 1581644?
4
What is the thousands digit of 645294?
5
What is the tens digit of 846171?
7
What is the hundreds digit of 1181961?
9
What is the units digit of 16814?
4
What is the hundreds digit of 3095533?
5
What is the hundred thousands digit of 4691795?
6
What is the hundreds digit of 16458493?
4
What is the units digit of 2831202?
2
What is the tens digit of 1083229?
2
What is the tens digit of 3018685?
8
What is the millions digit of 2644069?
2
What is the hundred thousands digit of 500163?
5
What is the hundred thousands digit of 5420848?
4
What is the ten thousands digit of 617813?
1
What is the hundred thousands digit of 460205?
4
What is the tens digit of 1898841?
4
What is the units digit of 765754?
4
What is the units digit of 6845819?
9
What is the hundred thousands digit of 2232925?
2
What is the hundreds digit of 1015183?
1
What is the thousands digit of 3626291?
6
What is the millions digit of 9372278?
9
What is the thousands digit of 661463?
1
What is the units digit of 107075?
5
What is the tens digit of 149967?
6
What is the ten millions digit of 11981412?
1
What is the hundred thousands digit of 14893620?
8
What is the units digit of 13099428?
8
What is the tens digit of 6266266?
6
What is the hundreds digit of 2009749?
7
What is the hundreds digit of 59088?
0
What is the thousands digit of 248255?
8
What is the thousands digit of 550953?
0
What is the thousands digit of 464074?
4
What is the thousands digit of 115940?
5
What is the thousands digit of 528079?
8
What is the units digit of 78470?
0
What is the ten thousands digit of 149996?
4
What is the units digit of 29458?
8
What is the tens digit of 6841887?
8
What is the hundred thousands digit of 215671?
2
What is the thousands digit of 8255451?
5
What is the tens digit of 23027501?
0
What is the ten thousands digit of 764800?
6
What is the thousands digit of 806391?
6
What is the thousands digit of 497923?
7
What is the ten thousands digit of 1815385?
1
What is the millions digit of 4564951?
4
What is the ten thousands digit of 492661?
9
What is the thousands digit of 3193721?
3
What is the hundred thousands digit of 598344?
5
What is the units digit of 1046090?
0
What is the millions digit of 5077529?
5
What is the units digit of 4440809?
9
What is the hundreds digit of 23838018?
0
What is the ten thousands digit of 168988?
6
What is the tens digit of 642296?
9
What is the hundreds digit of 2218060?
0
What is the thousands digit of 456204?
6
What is the hundreds digit of 1422787?
7
What is the hundreds digit of 328202?
2
What is the hundreds digit of 226380?
3
What is the ten thousands digit of 163537?
6
What is the hundred thousands digit of 11799043?
7
What is the millions digit of 1538647?
1
What is the units digit of 576237?
7
What is the ten thousands digit of 347885?
4
What is the thousands digit of 13116669?
6
What is the ten thousands digit of 12103079?
0
What is the ten thousands digit of 1870065?
7
What is the ten thousands digit of 1270725?
7
What is the millions digit of 11514329?
1
What is the thousands digit of 1946746?
6
What is the hundreds digit of 224342?
3
What is the ten thousands digit of 154533?
5
What is the ten thousands digit of 1272792?
7
What is the thousands digit of 109846?
9
What is the ten thousands digit of 148899?
4
What is the hundreds digit of 1332799?
7
What is the ten thousands digit of 3900712?
0
What is the tens digit of 19191282?
8
What is the ten thousands digit of 4462956?
6
What is the hundreds digit of 18270025?
0
What is the hundreds digit of 985045?
0
What is the tens digit of 91331?
3
What is the hundred thousands digit of 1494454?
4
What is the units digit of 68189?
9
What is the ten thousands digit of 1536416?
3
What is the ten millions digit of 18901326?
1
What is the ten thousands digit of 750004?
5
What is the hundreds digit of 1836834?
8
What is the ten thousands digit of 268299?
6
What is the ten thousands digit of 178868?
7
What is the tens digit of 634340?
4
What is the tens digit of 821277?
7
What is the units digit of 928569?
9
What is the hundred thousands digit of 351203?
3
What is the tens digit of 701613?
1
What is the hundreds digit of 292629?
6
What is the thousands digit of 1850902?
0
What is the hundred thousands digit of 448931?
4
What is the millions digit of 1426984?
1
What is the thousands digit of 34314?
4
What is the ten thousands digit of 836510?
3
What is the hundred thousands digit of 226471?
2
What is the millions digit of 5456876?
5
What is the hundred thousands digit of 134104?
1
What is the hundred thousands digit of 9971889?
9
What is the units digit of 48937?
7
What is the hundred thousands digit of 274539?
2
What is the millions digit of 1146396?
1
What is the units digit of 4959678?
8
What is the hundred thousands digit of 6884951?
8
What is the millions digit of 1498020?
1
What is the thousands digit of 3027499?
7
What is the hundreds digit of 349013?
0
What is the hundreds digit of 4465525?
5
What is the hundreds digit of 912539?
5
What is the ten millions digit of 39495684?
3
What is the hundreds digit of 931209?
2
What is the tens digit of 840255?
5
What is the units digit of 451918?
8
What is the ten thousands digit of 2859160?
5
What is the hundred thousands digit of 25034050?
0
What is the thousands digit of 2933132?
3
What is the ten thousands digit of 12399826?
9
What is the hundreds digit of 21587?
5
What is the tens digit of 1207096?
9
What is the units digit of 6554345?
5
What is the ten thousands digit of 393232?
9
What is the ten thousands digit of 4392059?
9
What is the hundred thousands digit of 579213?
5
What is the hundred thousands digit of 13340736?
3
What is the hundred thousands digit of 221433?
2
What is the hundreds digit of 4770958?
9
What is the hundreds digit of 936656?
6
What is the hundreds digit of 12469474?
4
What is the hundred thousands digit of 289387?
2
What is the thousands digit of 189979?
9
What is the hundred thousands digit of 2791671?
7
What is the tens digit of 4820734?
3
What is the ten thousands digit of 124144?
2
What is the hundreds digit of 399803?
8
What is the tens digit of 224066?
6
What is the millions digit of 18116585?
8
What is the units digit of 192280?
0
What is the ten thousands digit of 4701444?
0
What is the hundred thousands digit of 25385567?
3
What is the millions digit of 13482869?
3
What is the units digit of 104956?
6
What is the hundred thousands digit of 665060?
6
What is the units digit of 1358382?
2
What is the tens digit of 5243826?
2
What is the thousands digit of 2735